{"id":409,"date":"2017-12-12T13:52:48","date_gmt":"2017-12-12T13:52:48","guid":{"rendered":"https:\/\/sagteleco.com\/?page_id=409"},"modified":"2017-12-20T23:30:53","modified_gmt":"2017-12-20T22:30:53","slug":"taller-de-electronica","status":"publish","type":"page","link":"https:\/\/sagteleco.com\/index.php\/taller-de-electronica\/","title":{"rendered":"TALLER DE ELECTRONICA"},"content":{"rendered":"<h1>Reparaci\u00f3n de Equipos electr\u00f3nicos de consumo:<\/h1>\n<ol>\n<li>Televisi\u00f3n-Monitores<\/li>\n<li>Proyectores<\/li>\n<li>Sonido<\/li>\n<li>Placas Electr\u00f3nicas<\/li>\n<li>Etapas de potencia<\/li>\n<li>Accesorios electr\u00f3nicos de hogar<\/li>\n<\/ol>\n<p>&nbsp;<\/p>\n<p><img data-recalc-dims=\"1\" loading=\"lazy\" decoding=\"async\" data-attachment-id=\"543\" data-permalink=\"https:\/\/sagteleco.com\/index.php\/taller-de-electronica\/whatsapp-image-2017-12-13-at-13-19-42\/#main\" data-orig-file=\"https:\/\/i0.wp.com\/sagteleco.com\/wp-content\/uploads\/2017\/12\/WhatsApp-Image-2017-12-13-at-13.19.42.jpeg?fit=1600%2C843&amp;ssl=1\" data-orig-size=\"1600,843\" data-comments-opened=\"1\" data-image-meta=\"{&quot;aperture&quot;:&quot;0&quot;,&quot;credit&quot;:&quot;&quot;,&quot;camera&quot;:&quot;&quot;,&quot;caption&quot;:&quot;&quot;,&quot;created_timestamp&quot;:&quot;0&quot;,&quot;copyright&quot;:&quot;&quot;,&quot;focal_length&quot;:&quot;0&quot;,&quot;iso&quot;:&quot;0&quot;,&quot;shutter_speed&quot;:&quot;0&quot;,&quot;title&quot;:&quot;&quot;,&quot;orientation&quot;:&quot;0&quot;}\" data-image-title=\"WhatsApp Image 2017-12-13 at 13.19.42\" data-image-description=\"\" data-image-caption=\"\" data-large-file=\"https:\/\/i0.wp.com\/sagteleco.com\/wp-content\/uploads\/2017\/12\/WhatsApp-Image-2017-12-13-at-13.19.42.jpeg?fit=1024%2C540&amp;ssl=1\" class=\"alignnone  wp-image-543 aligncenter\" src=\"https:\/\/i0.wp.com\/sagteleco.com\/wp-content\/uploads\/2017\/12\/WhatsApp-Image-2017-12-13-at-13.19.42.jpeg?resize=595%2C314&#038;ssl=1\" alt=\"\" width=\"595\" height=\"314\" srcset=\"https:\/\/i0.wp.com\/sagteleco.com\/wp-content\/uploads\/2017\/12\/WhatsApp-Image-2017-12-13-at-13.19.42.jpeg?resize=1024%2C540&amp;ssl=1 1024w, https:\/\/i0.wp.com\/sagteleco.com\/wp-content\/uploads\/2017\/12\/WhatsApp-Image-2017-12-13-at-13.19.42.jpeg?resize=300%2C158&amp;ssl=1 300w, https:\/\/i0.wp.com\/sagteleco.com\/wp-content\/uploads\/2017\/12\/WhatsApp-Image-2017-12-13-at-13.19.42.jpeg?resize=768%2C405&amp;ssl=1 768w, https:\/\/i0.wp.com\/sagteleco.com\/wp-content\/uploads\/2017\/12\/WhatsApp-Image-2017-12-13-at-13.19.42.jpeg?w=1600&amp;ssl=1 1600w\" sizes=\"auto, (max-width: 595px) 100vw, 595px\" \/><\/p>\n<h2 style=\"text-align: center;\">Servicio t\u00e9cnico OFICIAL POLTI<\/h2>\n<p><img data-recalc-dims=\"1\" loading=\"lazy\" decoding=\"async\" data-attachment-id=\"123\" data-permalink=\"https:\/\/sagteleco.com\/index.php\/2017\/07\/11\/condiciones-de-garantia-polti\/logo-polti\/#main\" data-orig-file=\"https:\/\/i0.wp.com\/sagteleco.com\/wp-content\/uploads\/2017\/07\/logo-polti.png?fit=425%2C119&amp;ssl=1\" data-orig-size=\"425,119\" data-comments-opened=\"1\" data-image-meta=\"{&quot;aperture&quot;:&quot;0&quot;,&quot;credit&quot;:&quot;&quot;,&quot;camera&quot;:&quot;&quot;,&quot;caption&quot;:&quot;&quot;,&quot;created_timestamp&quot;:&quot;0&quot;,&quot;copyright&quot;:&quot;&quot;,&quot;focal_length&quot;:&quot;0&quot;,&quot;iso&quot;:&quot;0&quot;,&quot;shutter_speed&quot;:&quot;0&quot;,&quot;title&quot;:&quot;&quot;,&quot;orientation&quot;:&quot;0&quot;}\" data-image-title=\"logo polti\" data-image-description=\"\" data-image-caption=\"\" data-large-file=\"https:\/\/i0.wp.com\/sagteleco.com\/wp-content\/uploads\/2017\/07\/logo-polti.png?fit=425%2C119&amp;ssl=1\" class=\"alignnone size-full wp-image-123 aligncenter\" src=\"https:\/\/i0.wp.com\/sagteleco.com\/wp-content\/uploads\/2017\/07\/logo-polti.png?resize=425%2C119&#038;ssl=1\" alt=\"\" width=\"425\" height=\"119\" srcset=\"https:\/\/i0.wp.com\/sagteleco.com\/wp-content\/uploads\/2017\/07\/logo-polti.png?w=425&amp;ssl=1 425w, https:\/\/i0.wp.com\/sagteleco.com\/wp-content\/uploads\/2017\/07\/logo-polti.png?resize=300%2C84&amp;ssl=1 300w\" sizes=\"auto, (max-width: 425px) 100vw, 425px\" \/><\/p>\n<h2 style=\"text-align: center;\"><span style=\"text-decoration: underline;\">POST RELACIONADOS<\/span><\/h2>\n<pre><code><ul class=\"lcp_catlist\" id=\"lcp_instance_0\"><li><a href=\"https:\/\/sagteleco.com\/index.php\/2023\/10\/30\/taller-las-ventajas-de-tener-un-taller-de-reparacion-propio\/\">TALLER &#8211; \u00abLas Ventajas de Tener un Taller de Reparaci\u00f3n Propio\u00bb<\/a><\/li><li><a href=\"https:\/\/sagteleco.com\/index.php\/2017\/09\/22\/taller-teleco-averias-tras-corte-del-suministro-electrico\/\">TALLER-TELECO Aver\u00edas tras corte del suministro el\u00e9ctrico<\/a><\/li><li><a href=\"https:\/\/sagteleco.com\/index.php\/2017\/07\/18\/taller-reparacion-amplificador-televes-kompact-5310\/\">TALLER &#8211; Reparaci\u00f3n Amplificador Televes Kompact 5310<\/a><\/li><li><a href=\"https:\/\/sagteleco.com\/index.php\/2017\/07\/16\/taller-dvb-t2-proximo-dolor-de-cabeza\/\">TALLER &#8211; DVB-T2 Pr\u00f3ximo dolor de cabeza<\/a><\/li><li><a href=\"https:\/\/sagteleco.com\/index.php\/2017\/07\/11\/condiciones-de-garantia-polti\/\">Condiciones de garant\u00eda POLTI<\/a><\/li><\/ul><\/code><\/pre>\n","protected":false},"excerpt":{"rendered":"<p>Reparaci\u00f3n de Equipos electr\u00f3nicos de consumo: Televisi\u00f3n-Monitores Proyectores Sonido Placas Electr\u00f3nicas Etapas de potencia Accesorios electr\u00f3nicos de hogar &nbsp; Servicio t\u00e9cnico OFICIAL POLTI POST RELACIONADOS<\/p>\n","protected":false},"author":1,"featured_media":102,"parent":0,"menu_order":0,"comment_status":"closed","ping_status":"closed","template":"","meta":{"footnotes":""},"class_list":["post-409","page","type-page","status-publish","has-post-thumbnail","hentry"],"jetpack_sharing_enabled":true,"jetpack_shortlink":"https:\/\/wp.me\/P8WvG7-6B","jetpack-related-posts":[{"id":26,"url":"https:\/\/sagteleco.com\/index.php\/acerca-de\/","url_meta":{"origin":409,"position":0},"title":"Servicios","author":"sagteleco@gmail.com","date":"5 julio, 2017","format":false,"excerpt":"SAGTELECO, empresa de servicios afincada en Don Benito (Badajoz), ofrece a sus clientes; Asesoramiento, venta, instalaci\u00f3n y mantenimiento en el sector de la videovigilancia, telecomunicaciones y\u00a0 electr\u00f3nica de consumo.","rel":"","context":"Entrada similar","block_context":{"text":"Entrada similar","link":""},"img":{"alt_text":"","src":"https:\/\/i0.wp.com\/sagteleco.com\/wp-content\/uploads\/2017\/07\/WhatsApp-Image-2017-06-30-at-19.43.04.jpeg?fit=1200%2C632&ssl=1&resize=350%2C200","width":350,"height":200,"srcset":"https:\/\/i0.wp.com\/sagteleco.com\/wp-content\/uploads\/2017\/07\/WhatsApp-Image-2017-06-30-at-19.43.04.jpeg?fit=1200%2C632&ssl=1&resize=350%2C200 1x, https:\/\/i0.wp.com\/sagteleco.com\/wp-content\/uploads\/2017\/07\/WhatsApp-Image-2017-06-30-at-19.43.04.jpeg?fit=1200%2C632&ssl=1&resize=525%2C300 1.5x, https:\/\/i0.wp.com\/sagteleco.com\/wp-content\/uploads\/2017\/07\/WhatsApp-Image-2017-06-30-at-19.43.04.jpeg?fit=1200%2C632&ssl=1&resize=700%2C400 2x, https:\/\/i0.wp.com\/sagteleco.com\/wp-content\/uploads\/2017\/07\/WhatsApp-Image-2017-06-30-at-19.43.04.jpeg?fit=1200%2C632&ssl=1&resize=1050%2C600 3x"},"classes":[]}],"_links":{"self":[{"href":"https:\/\/sagteleco.com\/index.php\/wp-json\/wp\/v2\/pages\/409","targetHints":{"allow":["GET"]}}],"collection":[{"href":"https:\/\/sagteleco.com\/index.php\/wp-json\/wp\/v2\/pages"}],"about":[{"href":"https:\/\/sagteleco.com\/index.php\/wp-json\/wp\/v2\/types\/page"}],"author":[{"embeddable":true,"href":"https:\/\/sagteleco.com\/index.php\/wp-json\/wp\/v2\/users\/1"}],"replies":[{"embeddable":true,"href":"https:\/\/sagteleco.com\/index.php\/wp-json\/wp\/v2\/comments?post=409"}],"version-history":[{"count":7,"href":"https:\/\/sagteleco.com\/index.php\/wp-json\/wp\/v2\/pages\/409\/revisions"}],"predecessor-version":[{"id":544,"href":"https:\/\/sagteleco.com\/index.php\/wp-json\/wp\/v2\/pages\/409\/revisions\/544"}],"wp:featuredmedia":[{"embeddable":true,"href":"https:\/\/sagteleco.com\/index.php\/wp-json\/wp\/v2\/media\/102"}],"wp:attachment":[{"href":"https:\/\/sagteleco.com\/index.php\/wp-json\/wp\/v2\/media?parent=409"}],"curies":[{"name":"wp","href":"https:\/\/api.w.org\/{rel}","templated":true}]}}